{"id":7620,"date":"2025-05-30T12:47:42","date_gmt":"2025-05-30T16:47:42","guid":{"rendered":"https:\/\/ejanc.org\/defensa-y-organizacion-comunitaria\/"},"modified":"2025-09-08T12:31:38","modified_gmt":"2025-09-08T16:31:38","slug":"defensa-y-organizacion-comunitaria","status":"publish","type":"page","link":"https:\/\/ejanc.org\/es\/defensa-y-organizacion-comunitaria\/","title":{"rendered":"Defensa y organizaci\u00f3n comunitaria"},"content":{"rendered":"\t\t<div data-elementor-type=\"wp-page\" data-elementor-id=\"7620\" class=\"elementor elementor-7620 elementor-7615\" data-elementor-post-type=\"page\">\n\t\t\t\t<div class=\"elementor-element elementor-element-4ef35ad e-flex e-con-boxed e-con e-parent\" data-id=\"4ef35ad\" data-element_type=\"container\" data-e-type=\"container\">\n\t\t\t\t\t<div class=\"e-con-inner\">\n\t\t\t\t<div class=\"elementor-element elementor-element-a57ef10 elementor-widget elementor-widget-heading\" data-id=\"a57ef10\" data-element_type=\"widget\" data-e-type=\"widget\" data-widget_type=\"heading.default\">\n\t\t\t\t<div class=\"elementor-widget-container\">\n\t\t\t\t\t<h2 class=\"elementor-heading-title elementor-size-default\">Formaciones para conocer tus derechos<\/h2>\t\t\t\t<\/div>\n\t\t\t\t<\/div>\n\t\t\t\t<div class=\"elementor-element elementor-element-b621568 elementor-widget elementor-widget-text-editor\" data-id=\"b621568\" data-element_type=\"widget\" data-e-type=\"widget\" data-widget_type=\"text-editor.default\">\n\t\t\t\t<div class=\"elementor-widget-container\">\n\t\t\t\t\t\t\t\t\t<p>\u00bfT\u00fa o tu comunidad est\u00e1is interesados en una formaci\u00f3n sobre \u00abConoce tus derechos\u00bb en relaci\u00f3n con la navegaci\u00f3n por el ICE en las escuelas p\u00fablicas de Carolina del Norte?<\/p><p><a href=\"https:\/\/ejanc.org\/es\/solicitud-de-formacion-conoce-tus-derechos\/\">Presenta una solicitud<\/a> para que la EJA acuda a tu comunidad y organice una formaci\u00f3n gratuita.<\/p><p> <\/p>\t\t\t\t\t\t\t\t<\/div>\n\t\t\t\t<\/div>\n\t\t\t\t<div class=\"elementor-element elementor-element-f30146b elementor-widget elementor-widget-heading\" data-id=\"f30146b\" data-element_type=\"widget\" data-e-type=\"widget\" data-widget_type=\"heading.default\">\n\t\t\t\t<div class=\"elementor-widget-container\">\n\t\t\t\t\t<h2 class=\"elementor-heading-title elementor-size-default\">Denuncia por violaci\u00f3n de los derechos de los alumnos<\/h2>\t\t\t\t<\/div>\n\t\t\t\t<\/div>\n\t\t\t\t<div class=\"elementor-element elementor-element-197d860 elementor-widget elementor-widget-text-editor\" data-id=\"197d860\" data-element_type=\"widget\" data-e-type=\"widget\" data-widget_type=\"text-editor.default\">\n\t\t\t\t<div class=\"elementor-widget-container\">\n\t\t\t\t\t\t\t\t\t<p>EJA, en colaboraci\u00f3n con otras organizaciones, quiere proporcionar a alumnos y padres el apoyo necesario para presentar y supervisar quejas formales sobre la violaci\u00f3n de sus derechos en una escuela p\u00fablica de Carolina del Norte.<\/p><p><a href=\"https:\/\/ejanc.org\/es\/formulario-de-denuncia-de-violacion-de-derechos-en-la-escuela-publica\/\">Presenta un Formulario de Queja por Violaci\u00f3n de los Derechos de los Estudiantes<\/a> si se han violado tus derechos como estudiante.<\/p><p> <\/p>\t\t\t\t\t\t\t\t<\/div>\n\t\t\t\t<\/div>\n\t\t\t\t<div class=\"elementor-element elementor-element-56f15ce elementor-widget elementor-widget-heading\" data-id=\"56f15ce\" data-element_type=\"widget\" data-e-type=\"widget\" data-widget_type=\"heading.default\">\n\t\t\t\t<div class=\"elementor-widget-container\">\n\t\t\t\t\t<h2 class=\"elementor-heading-title elementor-size-default\">Denuncia de un agente de recursos escolares<\/h2>\t\t\t\t<\/div>\n\t\t\t\t<\/div>\n\t\t\t\t<div class=\"elementor-element elementor-element-39ccc66 elementor-widget elementor-widget-text-editor\" data-id=\"39ccc66\" data-element_type=\"widget\" data-e-type=\"widget\" data-widget_type=\"text-editor.default\">\n\t\t\t\t<div class=\"elementor-widget-container\">\n\t\t\t\t\t\t\t\t\t<p>Si te ha hecho da\u00f1o o te ha maltratado un polic\u00eda escolar o un guardia de seguridad, <a href=\"https:\/\/ejanc.org\/es\/quejas-de-los-oficiales-en-las-escuelas\/\">inf\u00f3rmate sobre c\u00f3mo presentar una denuncia formal.<\/a><\/p>\t\t\t\t\t\t\t\t<\/div>\n\t\t\t\t<\/div>\n\t\t\t\t\t<\/div>\n\t\t\t\t<\/div>\n\t\t\t\t<\/div>\n\t\t","protected":false},"excerpt":{"rendered":"<p>Formaciones para conocer tus derechos \u00bfT\u00fa o tu comunidad est\u00e1is interesados en una formaci\u00f3n sobre \u00abConoce tus derechos\u00bb en relaci\u00f3n con la navegaci\u00f3n por el ICE en las escuelas p\u00fablicas [&hellip;]<\/p>\n","protected":false},"author":4,"featured_media":0,"parent":0,"menu_order":0,"comment_status":"closed","ping_status":"closed","template":"","meta":{"_acf_changed":false,"give_campaign_id":0,"inline_featured_image":false,"footnotes":""},"class_list":["post-7620","page","type-page","status-publish","hentry"],"acf":[],"yoast_head":"<!-- This site is optimized with the Yoast SEO plugin v27.0 - https:\/\/yoast.com\/product\/yoast-seo-wordpress\/ -->\n<title>Defensa y organizaci\u00f3n comunitaria | Alianza por la Justicia en la Educaci\u00f3n<\/title>\n<meta name=\"robots\" content=\"index, follow, max-snippet:-1, max-image-preview:large, max-video-preview:-1\" \/>\n<link rel=\"canonical\" href=\"https:\/\/ejanc.org\/es\/defensa-y-organizacion-comunitaria\/\" \/>\n<meta property=\"og:locale\" content=\"es_ES\" \/>\n<meta property=\"og:type\" content=\"article\" \/>\n<meta property=\"og:title\" content=\"Defensa y organizaci\u00f3n comunitaria | Alianza por la Justicia en la Educaci\u00f3n\" \/>\n<meta property=\"og:description\" content=\"Formaciones para conocer tus derechos \u00bfT\u00fa o tu comunidad est\u00e1is interesados en una formaci\u00f3n sobre \u00abConoce tus derechos\u00bb en relaci\u00f3n con la navegaci\u00f3n por el ICE en las escuelas p\u00fablicas [&hellip;]\" \/>\n<meta property=\"og:url\" content=\"https:\/\/ejanc.org\/es\/defensa-y-organizacion-comunitaria\/\" \/>\n<meta property=\"og:site_name\" content=\"Alianza por la Justicia en la Educaci\u00f3n\" \/>\n<meta property=\"article:publisher\" content=\"https:\/\/www.facebook.com\/EJARALEIGHNC\/\" \/>\n<meta property=\"article:modified_time\" content=\"2025-09-08T16:31:38+00:00\" \/>\n<meta name=\"twitter:card\" content=\"summary_large_image\" \/>\n<meta name=\"twitter:label1\" content=\"Tiempo de lectura\" \/>\n\t<meta name=\"twitter:data1\" content=\"1 minuto\" \/>\n<script type=\"application\/ld+json\" class=\"yoast-schema-graph\">{\"@context\":\"https:\/\/schema.org\",\"@graph\":[{\"@type\":\"WebPage\",\"@id\":\"https:\/\/ejanc.org\/es\/defensa-y-organizacion-comunitaria\/\",\"url\":\"https:\/\/ejanc.org\/es\/defensa-y-organizacion-comunitaria\/\",\"name\":\"Defensa y organizaci\u00f3n comunitaria | Alianza por la Justicia en la Educaci\u00f3n\",\"isPartOf\":{\"@id\":\"https:\/\/ejanc.org\/#website\"},\"datePublished\":\"2025-05-30T16:47:42+00:00\",\"dateModified\":\"2025-09-08T16:31:38+00:00\",\"breadcrumb\":{\"@id\":\"https:\/\/ejanc.org\/es\/defensa-y-organizacion-comunitaria\/#breadcrumb\"},\"inLanguage\":\"es\",\"potentialAction\":[{\"@type\":\"ReadAction\",\"target\":[\"https:\/\/ejanc.org\/es\/defensa-y-organizacion-comunitaria\/\"]}]},{\"@type\":\"BreadcrumbList\",\"@id\":\"https:\/\/ejanc.org\/es\/defensa-y-organizacion-comunitaria\/#breadcrumb\",\"itemListElement\":[{\"@type\":\"ListItem\",\"position\":1,\"name\":\"Home\",\"item\":\"https:\/\/ejanc.org\/es\/inicio\/\"},{\"@type\":\"ListItem\",\"position\":2,\"name\":\"Defensa y organizaci\u00f3n comunitaria\"}]},{\"@type\":\"WebSite\",\"@id\":\"https:\/\/ejanc.org\/#website\",\"url\":\"https:\/\/ejanc.org\/\",\"name\":\"Alianza por la Justicia en la Educaci\u00f3n\",\"description\":\"\",\"publisher\":{\"@id\":\"https:\/\/ejanc.org\/#organization\"},\"potentialAction\":[{\"@type\":\"SearchAction\",\"target\":{\"@type\":\"EntryPoint\",\"urlTemplate\":\"https:\/\/ejanc.org\/?s={search_term_string}\"},\"query-input\":{\"@type\":\"PropertyValueSpecification\",\"valueRequired\":true,\"valueName\":\"search_term_string\"}}],\"inLanguage\":\"es\"},{\"@type\":\"Organization\",\"@id\":\"https:\/\/ejanc.org\/#organization\",\"name\":\"Alianza por la Justicia en la Educaci\u00f3n\",\"url\":\"https:\/\/ejanc.org\/\",\"logo\":{\"@type\":\"ImageObject\",\"inLanguage\":\"es\",\"@id\":\"https:\/\/ejanc.org\/#\/schema\/logo\/image\/\",\"url\":\"https:\/\/ejanc.org\/wp-content\/uploads\/2023\/10\/logo.png\",\"contentUrl\":\"https:\/\/ejanc.org\/wp-content\/uploads\/2023\/10\/logo.png\",\"width\":129,\"height\":132,\"caption\":\"Alianza por la Justicia en la Educaci\u00f3n\"},\"image\":{\"@id\":\"https:\/\/ejanc.org\/#\/schema\/logo\/image\/\"},\"sameAs\":[\"https:\/\/www.facebook.com\/EJARALEIGHNC\/\",\"https:\/\/www.instagram.com\/ejaraleighnc\/\",\"https:\/\/www.linkedin.com\/company\/ejaraleighnc\/about\/\",\"https:\/\/www.youtube.com\/@educationjusticealliance8063\"]}]}<\/script>\n<!-- \/ Yoast SEO plugin. -->","yoast_head_json":{"title":"Defensa y organizaci\u00f3n comunitaria | Alianza por la Justicia en la Educaci\u00f3n","robots":{"index":"index","follow":"follow","max-snippet":"max-snippet:-1","max-image-preview":"max-image-preview:large","max-video-preview":"max-video-preview:-1"},"canonical":"https:\/\/ejanc.org\/es\/defensa-y-organizacion-comunitaria\/","og_locale":"es_ES","og_type":"article","og_title":"Defensa y organizaci\u00f3n comunitaria | Alianza por la Justicia en la Educaci\u00f3n","og_description":"Formaciones para conocer tus derechos \u00bfT\u00fa o tu comunidad est\u00e1is interesados en una formaci\u00f3n sobre \u00abConoce tus derechos\u00bb en relaci\u00f3n con la navegaci\u00f3n por el ICE en las escuelas p\u00fablicas [&hellip;]","og_url":"https:\/\/ejanc.org\/es\/defensa-y-organizacion-comunitaria\/","og_site_name":"Alianza por la Justicia en la Educaci\u00f3n","article_publisher":"https:\/\/www.facebook.com\/EJARALEIGHNC\/","article_modified_time":"2025-09-08T16:31:38+00:00","twitter_card":"summary_large_image","twitter_misc":{"Tiempo de lectura":"1 minuto"},"schema":{"@context":"https:\/\/schema.org","@graph":[{"@type":"WebPage","@id":"https:\/\/ejanc.org\/es\/defensa-y-organizacion-comunitaria\/","url":"https:\/\/ejanc.org\/es\/defensa-y-organizacion-comunitaria\/","name":"Defensa y organizaci\u00f3n comunitaria | Alianza por la Justicia en la Educaci\u00f3n","isPartOf":{"@id":"https:\/\/ejanc.org\/#website"},"datePublished":"2025-05-30T16:47:42+00:00","dateModified":"2025-09-08T16:31:38+00:00","breadcrumb":{"@id":"https:\/\/ejanc.org\/es\/defensa-y-organizacion-comunitaria\/#breadcrumb"},"inLanguage":"es","potentialAction":[{"@type":"ReadAction","target":["https:\/\/ejanc.org\/es\/defensa-y-organizacion-comunitaria\/"]}]},{"@type":"BreadcrumbList","@id":"https:\/\/ejanc.org\/es\/defensa-y-organizacion-comunitaria\/#breadcrumb","itemListElement":[{"@type":"ListItem","position":1,"name":"Home","item":"https:\/\/ejanc.org\/es\/inicio\/"},{"@type":"ListItem","position":2,"name":"Defensa y organizaci\u00f3n comunitaria"}]},{"@type":"WebSite","@id":"https:\/\/ejanc.org\/#website","url":"https:\/\/ejanc.org\/","name":"Alianza por la Justicia en la Educaci\u00f3n","description":"","publisher":{"@id":"https:\/\/ejanc.org\/#organization"},"potentialAction":[{"@type":"SearchAction","target":{"@type":"EntryPoint","urlTemplate":"https:\/\/ejanc.org\/?s={search_term_string}"},"query-input":{"@type":"PropertyValueSpecification","valueRequired":true,"valueName":"search_term_string"}}],"inLanguage":"es"},{"@type":"Organization","@id":"https:\/\/ejanc.org\/#organization","name":"Alianza por la Justicia en la Educaci\u00f3n","url":"https:\/\/ejanc.org\/","logo":{"@type":"ImageObject","inLanguage":"es","@id":"https:\/\/ejanc.org\/#\/schema\/logo\/image\/","url":"https:\/\/ejanc.org\/wp-content\/uploads\/2023\/10\/logo.png","contentUrl":"https:\/\/ejanc.org\/wp-content\/uploads\/2023\/10\/logo.png","width":129,"height":132,"caption":"Alianza por la Justicia en la Educaci\u00f3n"},"image":{"@id":"https:\/\/ejanc.org\/#\/schema\/logo\/image\/"},"sameAs":["https:\/\/www.facebook.com\/EJARALEIGHNC\/","https:\/\/www.instagram.com\/ejaraleighnc\/","https:\/\/www.linkedin.com\/company\/ejaraleighnc\/about\/","https:\/\/www.youtube.com\/@educationjusticealliance8063"]}]}},"campaignId":"","_links":{"self":[{"href":"https:\/\/ejanc.org\/es\/wp-json\/wp\/v2\/pages\/7620","targetHints":{"allow":["GET"]}}],"collection":[{"href":"https:\/\/ejanc.org\/es\/wp-json\/wp\/v2\/pages"}],"about":[{"href":"https:\/\/ejanc.org\/es\/wp-json\/wp\/v2\/types\/page"}],"author":[{"embeddable":true,"href":"https:\/\/ejanc.org\/es\/wp-json\/wp\/v2\/users\/4"}],"replies":[{"embeddable":true,"href":"https:\/\/ejanc.org\/es\/wp-json\/wp\/v2\/comments?post=7620"}],"version-history":[{"count":4,"href":"https:\/\/ejanc.org\/es\/wp-json\/wp\/v2\/pages\/7620\/revisions"}],"predecessor-version":[{"id":8558,"href":"https:\/\/ejanc.org\/es\/wp-json\/wp\/v2\/pages\/7620\/revisions\/8558"}],"wp:attachment":[{"href":"https:\/\/ejanc.org\/es\/wp-json\/wp\/v2\/media?parent=7620"}],"curies":[{"name":"wp","href":"https:\/\/api.w.org\/{rel}","templated":true}]}}

Defensa y organización comunitaria

<div data-elementor-type="wp-page" data-elementor-id="7620" class="elementor elementor-7620 elementor-7615" data-elementor-post-type="page">
				<div class="elementor-element elementor-element-4ef35ad e-flex e-con-boxed e-con e-parent" data-id="4ef35ad" data-element_type="container" data-e-type="container">
					<div class="e-con-inner">
				<div class="elementor-element elementor-element-a57ef10 elementor-widget elementor-widget-heading" data-id="a57ef10" data-element_type="widget" data-e-type="widget" data-widget_type="heading.default">
				<div class="elementor-widget-container">
					<h2 class="elementor-heading-title elementor-size-default">Formaciones para conocer tus derechos</h2>				</div>
				</div>
				<div class="elementor-element elementor-element-b621568 elementor-widget elementor-widget-text-editor" data-id="b621568" data-element_type="widget" data-e-type="widget" data-widget_type="text-editor.default">
				<div class="elementor-widget-container">
									<p>¿Tú o tu comunidad estáis interesados en una formación sobre «Conoce tus derechos» en relación con la navegación por el ICE en las escuelas públicas de Carolina del Norte?</p><p><a href="https://ejanc.org/es/solicitud-de-formacion-conoce-tus-derechos/">Presenta una solicitud</a> para que la EJA acuda a tu comunidad y organice una formación gratuita.</p><p> </p>								</div>
				</div>
				<div class="elementor-element elementor-element-f30146b elementor-widget elementor-widget-heading" data-id="f30146b" data-element_type="widget" data-e-type="widget" data-widget_type="heading.default">
				<div class="elementor-widget-container">
					<h2 class="elementor-heading-title elementor-size-default">Denuncia por violación de los derechos de los alumnos</h2>				</div>
				</div>
				<div class="elementor-element elementor-element-197d860 elementor-widget elementor-widget-text-editor" data-id="197d860" data-element_type="widget" data-e-type="widget" data-widget_type="text-editor.default">
				<div class="elementor-widget-container">
									<p>EJA, en colaboración con otras organizaciones, quiere proporcionar a alumnos y padres el apoyo necesario para presentar y supervisar quejas formales sobre la violación de sus derechos en una escuela pública de Carolina del Norte.</p><p><a href="https://ejanc.org/es/formulario-de-denuncia-de-violacion-de-derechos-en-la-escuela-publica/">Presenta un Formulario de Queja por Violación de los Derechos de los Estudiantes</a> si se han violado tus derechos como estudiante.</p><p> </p>								</div>
				</div>
				<div class="elementor-element elementor-element-56f15ce elementor-widget elementor-widget-heading" data-id="56f15ce" data-element_type="widget" data-e-type="widget" data-widget_type="heading.default">
				<div class="elementor-widget-container">
					<h2 class="elementor-heading-title elementor-size-default">Denuncia de un agente de recursos escolares</h2>				</div>
				</div>
				<div class="elementor-element elementor-element-39ccc66 elementor-widget elementor-widget-text-editor" data-id="39ccc66" data-element_type="widget" data-e-type="widget" data-widget_type="text-editor.default">
				<div class="elementor-widget-container">
									<p>Si te ha hecho daño o te ha maltratado un policía escolar o un guardia de seguridad, <a href="https://ejanc.org/es/quejas-de-los-oficiales-en-las-escuelas/">infórmate sobre cómo presentar una denuncia formal.</a></p>								</div>
				</div>
					</div>
				</div>
				</div>

<p>Formaciones para conocer tus derechos ¿Tú o tu comunidad estáis interesados en una formación sobre «Conoce tus derechos» en relación con la navegación por el ICE en las escuelas públicas [&hellip;]</p>

<!-- This site is optimized with the Yoast SEO plugin v27.0 - https://yoast.com/product/yoast-seo-wordpress/ -->
<title>Defensa y organización comunitaria | Alianza por la Justicia en la Educación</title>
<meta name="robots" content="index, follow, max-snippet:-1, max-image-preview:large, max-video-preview:-1" />
<link rel="canonical" href="https://ejanc.org/es/defensa-y-organizacion-comunitaria/" />
<meta property="og:locale" content="es_ES" />
<meta property="og:type" content="article" />
<meta property="og:title" content="Defensa y organización comunitaria | Alianza por la Justicia en la Educación" />
<meta property="og:description" content="Formaciones para conocer tus derechos ¿Tú o tu comunidad estáis interesados en una formación sobre «Conoce tus derechos» en relación con la navegación por el ICE en las escuelas públicas [&hellip;]" />
<meta property="og:url" content="https://ejanc.org/es/defensa-y-organizacion-comunitaria/" />
<meta property="og:site_name" content="Alianza por la Justicia en la Educación" />
<meta property="article:publisher" content="https://www.facebook.com/EJARALEIGHNC/" />
<meta property="article:modified_time" content="2025-09-08T16:31:38+00:00" />
<meta name="twitter:card" content="summary_large_image" />
<meta name="twitter:label1" content="Tiempo de lectura" />
	<meta name="twitter:data1" content="1 minuto" />
<script type="application/ld+json" class="yoast-schema-graph">{"@context":"https://schema.org","@graph":[{"@type":"WebPage","@id":"https://ejanc.org/es/defensa-y-organizacion-comunitaria/","url":"https://ejanc.org/es/defensa-y-organizacion-comunitaria/","name":"Defensa y organización comunitaria | Alianza por la Justicia en la Educación","isPartOf":{"@id":"https://ejanc.org/#website"},"datePublished":"2025-05-30T16:47:42+00:00","dateModified":"2025-09-08T16:31:38+00:00","breadcrumb":{"@id":"https://ejanc.org/es/defensa-y-organizacion-comunitaria/#breadcrumb"},"inLanguage":"es","potentialAction":[{"@type":"ReadAction","target":["https://ejanc.org/es/defensa-y-organizacion-comunitaria/"]}]},{"@type":"BreadcrumbList","@id":"https://ejanc.org/es/defensa-y-organizacion-comunitaria/#breadcrumb","itemListElement":[{"@type":"ListItem","position":1,"name":"Home","item":"https://ejanc.org/es/inicio/"},{"@type":"ListItem","position":2,"name":"Defensa y organización comunitaria"}]},{"@type":"WebSite","@id":"https://ejanc.org/#website","url":"https://ejanc.org/","name":"Alianza por la Justicia en la Educación","description":"","publisher":{"@id":"https://ejanc.org/#organization"},"potentialAction":[{"@type":"SearchAction","target":{"@type":"EntryPoint","urlTemplate":"https://ejanc.org/?s={search_term_string}"},"query-input":{"@type":"PropertyValueSpecification","valueRequired":true,"valueName":"search_term_string"}}],"inLanguage":"es"},{"@type":"Organization","@id":"https://ejanc.org/#organization","name":"Alianza por la Justicia en la Educación","url":"https://ejanc.org/","logo":{"@type":"ImageObject","inLanguage":"es","@id":"https://ejanc.org/#/schema/logo/image/","url":"https://ejanc.org/wp-content/uploads/2023/10/logo.png","contentUrl":"https://ejanc.org/wp-content/uploads/2023/10/logo.png","width":129,"height":132,"caption":"Alianza por la Justicia en la Educación"},"image":{"@id":"https://ejanc.org/#/schema/logo/image/"},"sameAs":["https://www.facebook.com/EJARALEIGHNC/","https://www.instagram.com/ejaraleighnc/","https://www.linkedin.com/company/ejaraleighnc/about/","https://www.youtube.com/@educationjusticealliance8063"]}]}</script>
<!-- / Yoast SEO plugin. -->

Defensa y organización comunitaria | Alianza por la Justicia en la Educación

Formaciones para conocer tus derechos ¿Tú o tu comunidad estáis interesados en una formación sobre «Conoce tus derechos» en relación con la navegación por el ICE en las escuelas públicas [&hellip;]

Alianza por la Justicia en la Educación
