{"id":7636,"date":"2025-05-30T12:49:22","date_gmt":"2025-05-30T16:49:22","guid":{"rendered":"https:\/\/ejanc.org\/que-pueden-hacer-los-aliados-para-apoyar-y-proteger\/"},"modified":"2025-05-30T12:50:51","modified_gmt":"2025-05-30T16:50:51","slug":"que-pueden-hacer-los-aliados-para-apoyar-y-proteger","status":"publish","type":"page","link":"https:\/\/ejanc.org\/es\/que-pueden-hacer-los-aliados-para-apoyar-y-proteger\/","title":{"rendered":"\u00bfQu\u00e9 pueden hacer los aliados para apoyar y proteger?"},"content":{"rendered":"\t\t<div data-elementor-type=\"wp-page\" data-elementor-id=\"7636\" class=\"elementor elementor-7636 elementor-7630\" data-elementor-post-type=\"page\">\n\t\t\t\t<div class=\"elementor-element elementor-element-411be02 e-flex e-con-boxed e-con e-parent\" data-id=\"411be02\" data-element_type=\"container\" data-e-type=\"container\">\n\t\t\t\t\t<div class=\"e-con-inner\">\n\t\t\t\t<div class=\"elementor-element elementor-element-1b9848e elementor-widget elementor-widget-text-editor\" data-id=\"1b9848e\" data-element_type=\"widget\" data-e-type=\"widget\" data-widget_type=\"text-editor.default\">\n\t\t\t\t<div class=\"elementor-widget-container\">\n\t\t\t\t\t\t\t\t\t<p><b>Comparte los materiales de Conoce tus derechos<\/b><span style=\"font-weight: 400;\">  con los alumnos y las familias. Puedes encontrar un  <\/span><a href=\"https:\/\/ejanc.org\/es\/recursos-para-inmigrantes\/\"><span style=\"font-weight: 400;\">lista de recursos aqu\u00ed.  <\/span><span style=\"font-weight: 400;\"><br><br><\/span><\/a><\/p><p><span style=\"font-weight: 400;\"> <\/span><b>Ayudar a las familias a desenvolverse en los sistemas escolares.<\/b><span style=\"font-weight: 400;\">  Ofr\u00e9cete a asistir a las reuniones escolares con los padres que puedan necesitar apoyo o interpretaci\u00f3n ling\u00fc\u00edstica.<\/span><span style=\"font-weight: 400;\"><br><br><\/span><\/p><p><b>Informar de actividades de ICE o de violaciones de derechos.<\/b><span style=\"font-weight: 400;\">  Si ves algo preocupante, docum\u00e9ntalo (de forma segura) y comp\u00e1rtelo con organizaciones de confianza.  <\/span><a href=\"https:\/\/ejanc.org\/es\/formulario-de-denuncia-de-violacion-de-derechos-en-la-escuela-publica\/\"><span style=\"font-weight: 400;\">Puedes presentar una queja o un informe de incidente aqu\u00ed.  <\/span><\/a><\/p><p> <\/p><p><b>Organiza una formaci\u00f3n en tu comunidad.<\/b><a href=\"https:\/\/ejanc.org\/es\/solicitud-de-formacion-conoce-tus-derechos\/\"><span style=\"font-weight: 400;\"> Invita a EJA a dirigir una sesi\u00f3n sobre Conoce tus derechos<\/span><\/a><span style=\"font-weight: 400;\"> o a un taller sobre seguridad escolar y estrategias de defensa.<\/span><span style=\"font-weight: 400;\"><br><br><\/span><\/p><p><b>Apoya la justicia ling\u00fc\u00edstica.<\/b><span style=\"font-weight: 400;\">  Env\u00eda un correo electr\u00f3nico al consejo escolar o al director de tu centro preguntando qu\u00e9 pol\u00edticas de acceso ling\u00fc\u00edstico tienen en vigor. \u00bfNecesitas una plantilla? Haz clic aqu\u00ed para descargar uno.<\/span><span style=\"font-weight: 400;\"><br><br><\/span><\/p><p><span style=\"font-weight: 400;\">Incluso las peque\u00f1as acciones pueden tener un gran impacto si se hacen de forma coherente y en colaboraci\u00f3n con las comunidades afectadas.<\/span><\/p>\t\t\t\t\t\t\t\t<\/div>\n\t\t\t\t<\/div>\n\t\t\t\t\t<\/div>\n\t\t\t\t<\/div>\n\t\t\t\t<\/div>\n\t\t","protected":false},"excerpt":{"rendered":"<p>Comparte los materiales de Conoce tus derechos con los alumnos y las familias. Puedes encontrar un lista de recursos aqu\u00ed. Ayudar a las familias a desenvolverse en los sistemas escolares. [&hellip;]<\/p>\n","protected":false},"author":4,"featured_media":0,"parent":0,"menu_order":0,"comment_status":"closed","ping_status":"closed","template":"","meta":{"_acf_changed":false,"give_campaign_id":0,"inline_featured_image":false,"footnotes":""},"class_list":["post-7636","page","type-page","status-publish","hentry"],"acf":[],"yoast_head":"<!-- This site is optimized with the Yoast SEO plugin v27.0 - https:\/\/yoast.com\/product\/yoast-seo-wordpress\/ -->\n<title>\u00bfQu\u00e9 pueden hacer los aliados para apoyar y proteger? | Alianza por la Justicia en la Educaci\u00f3n<\/title>\n<meta name=\"robots\" content=\"index, follow, max-snippet:-1, max-image-preview:large, max-video-preview:-1\" \/>\n<link rel=\"canonical\" href=\"https:\/\/ejanc.org\/what-can-allies-do-to-support-and-protect\/\" \/>\n<meta property=\"og:locale\" content=\"es_ES\" \/>\n<meta property=\"og:type\" content=\"article\" \/>\n<meta property=\"og:title\" content=\"\u00bfQu\u00e9 pueden hacer los aliados para apoyar y proteger? | Alianza por la Justicia en la Educaci\u00f3n\" \/>\n<meta property=\"og:description\" content=\"Comparte los materiales de Conoce tus derechos con los alumnos y las familias. Puedes encontrar un lista de recursos aqu\u00ed. Ayudar a las familias a desenvolverse en los sistemas escolares. [&hellip;]\" \/>\n<meta property=\"og:url\" content=\"https:\/\/ejanc.org\/what-can-allies-do-to-support-and-protect\/\" \/>\n<meta property=\"og:site_name\" content=\"Alianza por la Justicia en la Educaci\u00f3n\" \/>\n<meta property=\"article:publisher\" content=\"https:\/\/www.facebook.com\/EJARALEIGHNC\/\" \/>\n<meta property=\"article:modified_time\" content=\"2025-05-30T16:50:51+00:00\" \/>\n<meta name=\"twitter:card\" content=\"summary_large_image\" \/>\n<meta name=\"twitter:label1\" content=\"Tiempo de lectura\" \/>\n\t<meta name=\"twitter:data1\" content=\"1 minuto\" \/>\n<script type=\"application\/ld+json\" class=\"yoast-schema-graph\">{\"@context\":\"https:\/\/schema.org\",\"@graph\":[{\"@type\":\"WebPage\",\"@id\":\"https:\/\/ejanc.org\/what-can-allies-do-to-support-and-protect\/\",\"url\":\"https:\/\/ejanc.org\/what-can-allies-do-to-support-and-protect\/\",\"name\":\"\u00bfQu\u00e9 pueden hacer los aliados para apoyar y proteger? | Alianza por la Justicia en la Educaci\u00f3n\",\"isPartOf\":{\"@id\":\"https:\/\/ejanc.org\/#website\"},\"datePublished\":\"2025-05-30T16:49:22+00:00\",\"dateModified\":\"2025-05-30T16:50:51+00:00\",\"breadcrumb\":{\"@id\":\"https:\/\/ejanc.org\/what-can-allies-do-to-support-and-protect\/#breadcrumb\"},\"inLanguage\":\"es\",\"potentialAction\":[{\"@type\":\"ReadAction\",\"target\":[\"https:\/\/ejanc.org\/what-can-allies-do-to-support-and-protect\/\"]}]},{\"@type\":\"BreadcrumbList\",\"@id\":\"https:\/\/ejanc.org\/what-can-allies-do-to-support-and-protect\/#breadcrumb\",\"itemListElement\":[{\"@type\":\"ListItem\",\"position\":1,\"name\":\"Home\",\"item\":\"https:\/\/ejanc.org\/es\/inicio\/\"},{\"@type\":\"ListItem\",\"position\":2,\"name\":\"\u00bfQu\u00e9 pueden hacer los aliados para apoyar y proteger?\"}]},{\"@type\":\"WebSite\",\"@id\":\"https:\/\/ejanc.org\/#website\",\"url\":\"https:\/\/ejanc.org\/\",\"name\":\"Alianza por la Justicia en la Educaci\u00f3n\",\"description\":\"\",\"publisher\":{\"@id\":\"https:\/\/ejanc.org\/#organization\"},\"potentialAction\":[{\"@type\":\"SearchAction\",\"target\":{\"@type\":\"EntryPoint\",\"urlTemplate\":\"https:\/\/ejanc.org\/?s={search_term_string}\"},\"query-input\":{\"@type\":\"PropertyValueSpecification\",\"valueRequired\":true,\"valueName\":\"search_term_string\"}}],\"inLanguage\":\"es\"},{\"@type\":\"Organization\",\"@id\":\"https:\/\/ejanc.org\/#organization\",\"name\":\"Alianza por la Justicia en la Educaci\u00f3n\",\"url\":\"https:\/\/ejanc.org\/\",\"logo\":{\"@type\":\"ImageObject\",\"inLanguage\":\"es\",\"@id\":\"https:\/\/ejanc.org\/#\/schema\/logo\/image\/\",\"url\":\"https:\/\/ejanc.org\/wp-content\/uploads\/2023\/10\/logo.png\",\"contentUrl\":\"https:\/\/ejanc.org\/wp-content\/uploads\/2023\/10\/logo.png\",\"width\":129,\"height\":132,\"caption\":\"Alianza por la Justicia en la Educaci\u00f3n\"},\"image\":{\"@id\":\"https:\/\/ejanc.org\/#\/schema\/logo\/image\/\"},\"sameAs\":[\"https:\/\/www.facebook.com\/EJARALEIGHNC\/\",\"https:\/\/www.instagram.com\/ejaraleighnc\/\",\"https:\/\/www.linkedin.com\/company\/ejaraleighnc\/about\/\",\"https:\/\/www.youtube.com\/@educationjusticealliance8063\"]}]}<\/script>\n<!-- \/ Yoast SEO plugin. -->","yoast_head_json":{"title":"\u00bfQu\u00e9 pueden hacer los aliados para apoyar y proteger? | Alianza por la Justicia en la Educaci\u00f3n","robots":{"index":"index","follow":"follow","max-snippet":"max-snippet:-1","max-image-preview":"max-image-preview:large","max-video-preview":"max-video-preview:-1"},"canonical":"https:\/\/ejanc.org\/what-can-allies-do-to-support-and-protect\/","og_locale":"es_ES","og_type":"article","og_title":"\u00bfQu\u00e9 pueden hacer los aliados para apoyar y proteger? | Alianza por la Justicia en la Educaci\u00f3n","og_description":"Comparte los materiales de Conoce tus derechos con los alumnos y las familias. Puedes encontrar un lista de recursos aqu\u00ed. Ayudar a las familias a desenvolverse en los sistemas escolares. [&hellip;]","og_url":"https:\/\/ejanc.org\/what-can-allies-do-to-support-and-protect\/","og_site_name":"Alianza por la Justicia en la Educaci\u00f3n","article_publisher":"https:\/\/www.facebook.com\/EJARALEIGHNC\/","article_modified_time":"2025-05-30T16:50:51+00:00","twitter_card":"summary_large_image","twitter_misc":{"Tiempo de lectura":"1 minuto"},"schema":{"@context":"https:\/\/schema.org","@graph":[{"@type":"WebPage","@id":"https:\/\/ejanc.org\/what-can-allies-do-to-support-and-protect\/","url":"https:\/\/ejanc.org\/what-can-allies-do-to-support-and-protect\/","name":"\u00bfQu\u00e9 pueden hacer los aliados para apoyar y proteger? | Alianza por la Justicia en la Educaci\u00f3n","isPartOf":{"@id":"https:\/\/ejanc.org\/#website"},"datePublished":"2025-05-30T16:49:22+00:00","dateModified":"2025-05-30T16:50:51+00:00","breadcrumb":{"@id":"https:\/\/ejanc.org\/what-can-allies-do-to-support-and-protect\/#breadcrumb"},"inLanguage":"es","potentialAction":[{"@type":"ReadAction","target":["https:\/\/ejanc.org\/what-can-allies-do-to-support-and-protect\/"]}]},{"@type":"BreadcrumbList","@id":"https:\/\/ejanc.org\/what-can-allies-do-to-support-and-protect\/#breadcrumb","itemListElement":[{"@type":"ListItem","position":1,"name":"Home","item":"https:\/\/ejanc.org\/es\/inicio\/"},{"@type":"ListItem","position":2,"name":"\u00bfQu\u00e9 pueden hacer los aliados para apoyar y proteger?"}]},{"@type":"WebSite","@id":"https:\/\/ejanc.org\/#website","url":"https:\/\/ejanc.org\/","name":"Alianza por la Justicia en la Educaci\u00f3n","description":"","publisher":{"@id":"https:\/\/ejanc.org\/#organization"},"potentialAction":[{"@type":"SearchAction","target":{"@type":"EntryPoint","urlTemplate":"https:\/\/ejanc.org\/?s={search_term_string}"},"query-input":{"@type":"PropertyValueSpecification","valueRequired":true,"valueName":"search_term_string"}}],"inLanguage":"es"},{"@type":"Organization","@id":"https:\/\/ejanc.org\/#organization","name":"Alianza por la Justicia en la Educaci\u00f3n","url":"https:\/\/ejanc.org\/","logo":{"@type":"ImageObject","inLanguage":"es","@id":"https:\/\/ejanc.org\/#\/schema\/logo\/image\/","url":"https:\/\/ejanc.org\/wp-content\/uploads\/2023\/10\/logo.png","contentUrl":"https:\/\/ejanc.org\/wp-content\/uploads\/2023\/10\/logo.png","width":129,"height":132,"caption":"Alianza por la Justicia en la Educaci\u00f3n"},"image":{"@id":"https:\/\/ejanc.org\/#\/schema\/logo\/image\/"},"sameAs":["https:\/\/www.facebook.com\/EJARALEIGHNC\/","https:\/\/www.instagram.com\/ejaraleighnc\/","https:\/\/www.linkedin.com\/company\/ejaraleighnc\/about\/","https:\/\/www.youtube.com\/@educationjusticealliance8063"]}]}},"campaignId":"","_links":{"self":[{"href":"https:\/\/ejanc.org\/es\/wp-json\/wp\/v2\/pages\/7636","targetHints":{"allow":["GET"]}}],"collection":[{"href":"https:\/\/ejanc.org\/es\/wp-json\/wp\/v2\/pages"}],"about":[{"href":"https:\/\/ejanc.org\/es\/wp-json\/wp\/v2\/types\/page"}],"author":[{"embeddable":true,"href":"https:\/\/ejanc.org\/es\/wp-json\/wp\/v2\/users\/4"}],"replies":[{"embeddable":true,"href":"https:\/\/ejanc.org\/es\/wp-json\/wp\/v2\/comments?post=7636"}],"version-history":[{"count":2,"href":"https:\/\/ejanc.org\/es\/wp-json\/wp\/v2\/pages\/7636\/revisions"}],"predecessor-version":[{"id":7644,"href":"https:\/\/ejanc.org\/es\/wp-json\/wp\/v2\/pages\/7636\/revisions\/7644"}],"wp:attachment":[{"href":"https:\/\/ejanc.org\/es\/wp-json\/wp\/v2\/media?parent=7636"}],"curies":[{"name":"wp","href":"https:\/\/api.w.org\/{rel}","templated":true}]}}

¿Qué pueden hacer los aliados para apoyar y proteger?

<div data-elementor-type="wp-page" data-elementor-id="7636" class="elementor elementor-7636 elementor-7630" data-elementor-post-type="page">
				<div class="elementor-element elementor-element-411be02 e-flex e-con-boxed e-con e-parent" data-id="411be02" data-element_type="container" data-e-type="container">
					<div class="e-con-inner">
				<div class="elementor-element elementor-element-1b9848e elementor-widget elementor-widget-text-editor" data-id="1b9848e" data-element_type="widget" data-e-type="widget" data-widget_type="text-editor.default">
				<div class="elementor-widget-container">
									<p><b>Comparte los materiales de Conoce tus derechos</b><span style="font-weight: 400;">  con los alumnos y las familias. Puedes encontrar un  </span><a href="https://ejanc.org/es/recursos-para-inmigrantes/"><span style="font-weight: 400;">lista de recursos aquí.  </span><span style="font-weight: 400;"><br><br></span></a></p><p><span style="font-weight: 400;"> </span><b>Ayudar a las familias a desenvolverse en los sistemas escolares.</b><span style="font-weight: 400;">  Ofrécete a asistir a las reuniones escolares con los padres que puedan necesitar apoyo o interpretación lingüística.</span><span style="font-weight: 400;"><br><br></span></p><p><b>Informar de actividades de ICE o de violaciones de derechos.</b><span style="font-weight: 400;">  Si ves algo preocupante, documéntalo (de forma segura) y compártelo con organizaciones de confianza.  </span><a href="https://ejanc.org/es/formulario-de-denuncia-de-violacion-de-derechos-en-la-escuela-publica/"><span style="font-weight: 400;">Puedes presentar una queja o un informe de incidente aquí.  </span></a></p><p> </p><p><b>Organiza una formación en tu comunidad.</b><a href="https://ejanc.org/es/solicitud-de-formacion-conoce-tus-derechos/"><span style="font-weight: 400;"> Invita a EJA a dirigir una sesión sobre Conoce tus derechos</span></a><span style="font-weight: 400;"> o a un taller sobre seguridad escolar y estrategias de defensa.</span><span style="font-weight: 400;"><br><br></span></p><p><b>Apoya la justicia lingüística.</b><span style="font-weight: 400;">  Envía un correo electrónico al consejo escolar o al director de tu centro preguntando qué políticas de acceso lingüístico tienen en vigor. ¿Necesitas una plantilla? Haz clic aquí para descargar uno.</span><span style="font-weight: 400;"><br><br></span></p><p><span style="font-weight: 400;">Incluso las pequeñas acciones pueden tener un gran impacto si se hacen de forma coherente y en colaboración con las comunidades afectadas.</span></p>								</div>
				</div>
					</div>
				</div>
				</div>

<p>Comparte los materiales de Conoce tus derechos con los alumnos y las familias. Puedes encontrar un lista de recursos aquí. Ayudar a las familias a desenvolverse en los sistemas escolares. [&hellip;]</p>

<!-- This site is optimized with the Yoast SEO plugin v27.0 - https://yoast.com/product/yoast-seo-wordpress/ -->
<title>¿Qué pueden hacer los aliados para apoyar y proteger? | Alianza por la Justicia en la Educación</title>
<meta name="robots" content="index, follow, max-snippet:-1, max-image-preview:large, max-video-preview:-1" />
<link rel="canonical" href="https://ejanc.org/what-can-allies-do-to-support-and-protect/" />
<meta property="og:locale" content="es_ES" />
<meta property="og:type" content="article" />
<meta property="og:title" content="¿Qué pueden hacer los aliados para apoyar y proteger? | Alianza por la Justicia en la Educación" />
<meta property="og:description" content="Comparte los materiales de Conoce tus derechos con los alumnos y las familias. Puedes encontrar un lista de recursos aquí. Ayudar a las familias a desenvolverse en los sistemas escolares. [&hellip;]" />
<meta property="og:url" content="https://ejanc.org/what-can-allies-do-to-support-and-protect/" />
<meta property="og:site_name" content="Alianza por la Justicia en la Educación" />
<meta property="article:publisher" content="https://www.facebook.com/EJARALEIGHNC/" />
<meta property="article:modified_time" content="2025-05-30T16:50:51+00:00" />
<meta name="twitter:card" content="summary_large_image" />
<meta name="twitter:label1" content="Tiempo de lectura" />
	<meta name="twitter:data1" content="1 minuto" />
<script type="application/ld+json" class="yoast-schema-graph">{"@context":"https://schema.org","@graph":[{"@type":"WebPage","@id":"https://ejanc.org/what-can-allies-do-to-support-and-protect/","url":"https://ejanc.org/what-can-allies-do-to-support-and-protect/","name":"¿Qué pueden hacer los aliados para apoyar y proteger? | Alianza por la Justicia en la Educación","isPartOf":{"@id":"https://ejanc.org/#website"},"datePublished":"2025-05-30T16:49:22+00:00","dateModified":"2025-05-30T16:50:51+00:00","breadcrumb":{"@id":"https://ejanc.org/what-can-allies-do-to-support-and-protect/#breadcrumb"},"inLanguage":"es","potentialAction":[{"@type":"ReadAction","target":["https://ejanc.org/what-can-allies-do-to-support-and-protect/"]}]},{"@type":"BreadcrumbList","@id":"https://ejanc.org/what-can-allies-do-to-support-and-protect/#breadcrumb","itemListElement":[{"@type":"ListItem","position":1,"name":"Home","item":"https://ejanc.org/es/inicio/"},{"@type":"ListItem","position":2,"name":"¿Qué pueden hacer los aliados para apoyar y proteger?"}]},{"@type":"WebSite","@id":"https://ejanc.org/#website","url":"https://ejanc.org/","name":"Alianza por la Justicia en la Educación","description":"","publisher":{"@id":"https://ejanc.org/#organization"},"potentialAction":[{"@type":"SearchAction","target":{"@type":"EntryPoint","urlTemplate":"https://ejanc.org/?s={search_term_string}"},"query-input":{"@type":"PropertyValueSpecification","valueRequired":true,"valueName":"search_term_string"}}],"inLanguage":"es"},{"@type":"Organization","@id":"https://ejanc.org/#organization","name":"Alianza por la Justicia en la Educación","url":"https://ejanc.org/","logo":{"@type":"ImageObject","inLanguage":"es","@id":"https://ejanc.org/#/schema/logo/image/","url":"https://ejanc.org/wp-content/uploads/2023/10/logo.png","contentUrl":"https://ejanc.org/wp-content/uploads/2023/10/logo.png","width":129,"height":132,"caption":"Alianza por la Justicia en la Educación"},"image":{"@id":"https://ejanc.org/#/schema/logo/image/"},"sameAs":["https://www.facebook.com/EJARALEIGHNC/","https://www.instagram.com/ejaraleighnc/","https://www.linkedin.com/company/ejaraleighnc/about/","https://www.youtube.com/@educationjusticealliance8063"]}]}</script>
<!-- / Yoast SEO plugin. -->

¿Qué pueden hacer los aliados para apoyar y proteger? | Alianza por la Justicia en la Educación

Comparte los materiales de Conoce tus derechos con los alumnos y las familias. Puedes encontrar un lista de recursos aquí. Ayudar a las familias a desenvolverse en los sistemas escolares. [&hellip;]

Alianza por la Justicia en la Educación
