{"id":6418,"date":"2025-03-28T22:07:35","date_gmt":"2025-03-29T02:07:35","guid":{"rendered":"https:\/\/ejanc.org\/event\/reunion-de-apoyo-a-los-padres-5\/"},"modified":"2025-03-28T22:07:35","modified_gmt":"2025-03-29T02:07:35","slug":"reunion-de-apoyo-a-los-padres-5","status":"publish","type":"tribe_events","link":"https:\/\/ejanc.org\/es\/event\/reunion-de-apoyo-a-los-padres-5\/","title":{"rendered":"Reuni\u00f3n de apoyo a los padres"},"content":{"rendered":"<p><span class=\"gmail-OYPEnA gmail-font-feature-liga-off gmail-font-feature-clig-off gmail-font-feature-calt-off gmail-text-decoration-none gmail-text-strikethrough-none\">Adem\u00e1s de ser una oportunidad para conocer a nuevos padres y entablar relaciones, nuestras<\/span><span class=\"gmail-OYPEnA gmail-font-feature-liga-off gmail-font-feature-clig-off gmail-font-feature-calt-off gmail-text-decoration-none gmail-text-strikethrough-none gmail-white-space-prewrap\"> <\/span><span class=\"gmail-OYPEnA gmail-font-feature-liga-off gmail-font-feature-clig-off gmail-font-feature-calt-off gmail-text-decoration-none gmail-text-strikethrough-none\">reuniones mensuales son tambi\u00e9n una forma constructiva de que los padres debatan cuestiones y posibles soluciones a los problemas a los que se enfrentan sus hijos en nuestro sistema educativo p\u00fablico.<\/span><\/p>\n","protected":false},"excerpt":{"rendered":"<p>Adem\u00e1s de ser una oportunidad para conocer a nuevos padres y entablar relaciones, nuestras reuniones mensuales son tambi\u00e9n una forma constructiva de que los padres debatan cuestiones y posibles soluciones [&hellip;]<\/p>\n","protected":false},"author":4,"featured_media":0,"template":"","meta":{"_acf_changed":false,"give_campaign_id":0,"inline_featured_image":false,"_tribe_events_status":"","_tribe_events_status_reason":"","footnotes":""},"tags":[94,60,92],"tribe_events_cat":[],"class_list":["post-6418","tribe_events","type-tribe_events","status-publish","hentry","tag-ayuda","tag-eventos","tag-padres"],"acf":[],"yoast_head":"<!-- This site is optimized with the Yoast SEO plugin v27.0 - https:\/\/yoast.com\/product\/yoast-seo-wordpress\/ -->\n<title>Reuni\u00f3n de apoyo a los padres | Alianza por la Justicia en la Educaci\u00f3n<\/title>\n<meta name=\"description\" content=\"Adem\u00e1s de ser una oportunidad para conocer a nuevos padres y entablar relaciones, nuestras reuniones mensuales son tambi\u00e9n una forma constructiva de que los padres debatan cuestiones y posibles soluciones a los problemas a los que se enfrentan sus hijos en nuestro sistema educativo p\u00fablico.\" \/>\n<meta name=\"robots\" content=\"index, follow, max-snippet:-1, max-image-preview:large, max-video-preview:-1\" \/>\n<link rel=\"canonical\" href=\"https:\/\/ejanc.org\/es\/event\/reunion-de-apoyo-a-los-padres-5\/\" \/>\n<meta property=\"og:locale\" content=\"es_ES\" \/>\n<meta property=\"og:type\" content=\"article\" \/>\n<meta property=\"og:title\" content=\"Reuni\u00f3n de apoyo a los padres | Alianza por la Justicia en la Educaci\u00f3n\" \/>\n<meta property=\"og:description\" content=\"Adem\u00e1s de ser una oportunidad para conocer a nuevos padres y entablar relaciones, nuestras reuniones mensuales son tambi\u00e9n una forma constructiva de que los padres debatan cuestiones y posibles soluciones a los problemas a los que se enfrentan sus hijos en nuestro sistema educativo p\u00fablico.\" \/>\n<meta property=\"og:url\" content=\"https:\/\/ejanc.org\/es\/event\/reunion-de-apoyo-a-los-padres-5\/\" \/>\n<meta property=\"og:site_name\" content=\"Alianza por la Justicia en la Educaci\u00f3n\" \/>\n<meta property=\"article:publisher\" content=\"https:\/\/www.facebook.com\/EJARALEIGHNC\/\" \/>\n<meta name=\"twitter:card\" content=\"summary_large_image\" \/>\n<script type=\"application\/ld+json\" class=\"yoast-schema-graph\">{\"@context\":\"https:\/\/schema.org\",\"@graph\":[{\"@type\":\"WebPage\",\"@id\":\"https:\/\/ejanc.org\/es\/event\/reunion-de-apoyo-a-los-padres-5\/\",\"url\":\"https:\/\/ejanc.org\/es\/event\/reunion-de-apoyo-a-los-padres-5\/\",\"name\":\"Reuni\u00f3n de apoyo a los padres | Alianza por la Justicia en la Educaci\u00f3n\",\"isPartOf\":{\"@id\":\"https:\/\/ejanc.org\/#website\"},\"datePublished\":\"2025-03-29T02:07:35+00:00\",\"description\":\"Adem\u00e1s de ser una oportunidad para conocer a nuevos padres y entablar relaciones, nuestras reuniones mensuales son tambi\u00e9n una forma constructiva de que los padres debatan cuestiones y posibles soluciones a los problemas a los que se enfrentan sus hijos en nuestro sistema educativo p\u00fablico.\",\"breadcrumb\":{\"@id\":\"https:\/\/ejanc.org\/es\/event\/reunion-de-apoyo-a-los-padres-5\/#breadcrumb\"},\"inLanguage\":\"es\",\"potentialAction\":[{\"@type\":\"ReadAction\",\"target\":[\"https:\/\/ejanc.org\/es\/event\/reunion-de-apoyo-a-los-padres-5\/\"]}]},{\"@type\":\"BreadcrumbList\",\"@id\":\"https:\/\/ejanc.org\/es\/event\/reunion-de-apoyo-a-los-padres-5\/#breadcrumb\",\"itemListElement\":[{\"@type\":\"ListItem\",\"position\":1,\"name\":\"Home\",\"item\":\"https:\/\/ejanc.org\/es\/inicio\/\"},{\"@type\":\"ListItem\",\"position\":2,\"name\":\"Events\",\"item\":\"https:\/\/ejanc.org\/events\/\"},{\"@type\":\"ListItem\",\"position\":3,\"name\":\"Reuni\u00f3n de apoyo a los padres\"}]},{\"@type\":\"WebSite\",\"@id\":\"https:\/\/ejanc.org\/#website\",\"url\":\"https:\/\/ejanc.org\/\",\"name\":\"Alianza por la Justicia en la Educaci\u00f3n\",\"description\":\"\",\"publisher\":{\"@id\":\"https:\/\/ejanc.org\/#organization\"},\"potentialAction\":[{\"@type\":\"SearchAction\",\"target\":{\"@type\":\"EntryPoint\",\"urlTemplate\":\"https:\/\/ejanc.org\/?s={search_term_string}\"},\"query-input\":{\"@type\":\"PropertyValueSpecification\",\"valueRequired\":true,\"valueName\":\"search_term_string\"}}],\"inLanguage\":\"es\"},{\"@type\":\"Organization\",\"@id\":\"https:\/\/ejanc.org\/#organization\",\"name\":\"Alianza por la Justicia en la Educaci\u00f3n\",\"url\":\"https:\/\/ejanc.org\/\",\"logo\":{\"@type\":\"ImageObject\",\"inLanguage\":\"es\",\"@id\":\"https:\/\/ejanc.org\/#\/schema\/logo\/image\/\",\"url\":\"https:\/\/ejanc.org\/wp-content\/uploads\/2023\/10\/logo.png\",\"contentUrl\":\"https:\/\/ejanc.org\/wp-content\/uploads\/2023\/10\/logo.png\",\"width\":129,\"height\":132,\"caption\":\"Alianza por la Justicia en la Educaci\u00f3n\"},\"image\":{\"@id\":\"https:\/\/ejanc.org\/#\/schema\/logo\/image\/\"},\"sameAs\":[\"https:\/\/www.facebook.com\/EJARALEIGHNC\/\",\"https:\/\/www.instagram.com\/ejaraleighnc\/\",\"https:\/\/www.linkedin.com\/company\/ejaraleighnc\/about\/\",\"https:\/\/www.youtube.com\/@educationjusticealliance8063\"]}]}<\/script>\n<!-- \/ Yoast SEO plugin. -->","yoast_head_json":{"title":"Reuni\u00f3n de apoyo a los padres | Alianza por la Justicia en la Educaci\u00f3n","description":"Adem\u00e1s de ser una oportunidad para conocer a nuevos padres y entablar relaciones, nuestras reuniones mensuales son tambi\u00e9n una forma constructiva de que los padres debatan cuestiones y posibles soluciones a los problemas a los que se enfrentan sus hijos en nuestro sistema educativo p\u00fablico.","robots":{"index":"index","follow":"follow","max-snippet":"max-snippet:-1","max-image-preview":"max-image-preview:large","max-video-preview":"max-video-preview:-1"},"canonical":"https:\/\/ejanc.org\/es\/event\/reunion-de-apoyo-a-los-padres-5\/","og_locale":"es_ES","og_type":"article","og_title":"Reuni\u00f3n de apoyo a los padres | Alianza por la Justicia en la Educaci\u00f3n","og_description":"Adem\u00e1s de ser una oportunidad para conocer a nuevos padres y entablar relaciones, nuestras reuniones mensuales son tambi\u00e9n una forma constructiva de que los padres debatan cuestiones y posibles soluciones a los problemas a los que se enfrentan sus hijos en nuestro sistema educativo p\u00fablico.","og_url":"https:\/\/ejanc.org\/es\/event\/reunion-de-apoyo-a-los-padres-5\/","og_site_name":"Alianza por la Justicia en la Educaci\u00f3n","article_publisher":"https:\/\/www.facebook.com\/EJARALEIGHNC\/","twitter_card":"summary_large_image","schema":{"@context":"https:\/\/schema.org","@graph":[{"@type":"WebPage","@id":"https:\/\/ejanc.org\/es\/event\/reunion-de-apoyo-a-los-padres-5\/","url":"https:\/\/ejanc.org\/es\/event\/reunion-de-apoyo-a-los-padres-5\/","name":"Reuni\u00f3n de apoyo a los padres | Alianza por la Justicia en la Educaci\u00f3n","isPartOf":{"@id":"https:\/\/ejanc.org\/#website"},"datePublished":"2025-03-29T02:07:35+00:00","description":"Adem\u00e1s de ser una oportunidad para conocer a nuevos padres y entablar relaciones, nuestras reuniones mensuales son tambi\u00e9n una forma constructiva de que los padres debatan cuestiones y posibles soluciones a los problemas a los que se enfrentan sus hijos en nuestro sistema educativo p\u00fablico.","breadcrumb":{"@id":"https:\/\/ejanc.org\/es\/event\/reunion-de-apoyo-a-los-padres-5\/#breadcrumb"},"inLanguage":"es","potentialAction":[{"@type":"ReadAction","target":["https:\/\/ejanc.org\/es\/event\/reunion-de-apoyo-a-los-padres-5\/"]}]},{"@type":"BreadcrumbList","@id":"https:\/\/ejanc.org\/es\/event\/reunion-de-apoyo-a-los-padres-5\/#breadcrumb","itemListElement":[{"@type":"ListItem","position":1,"name":"Home","item":"https:\/\/ejanc.org\/es\/inicio\/"},{"@type":"ListItem","position":2,"name":"Events","item":"https:\/\/ejanc.org\/events\/"},{"@type":"ListItem","position":3,"name":"Reuni\u00f3n de apoyo a los padres"}]},{"@type":"WebSite","@id":"https:\/\/ejanc.org\/#website","url":"https:\/\/ejanc.org\/","name":"Alianza por la Justicia en la Educaci\u00f3n","description":"","publisher":{"@id":"https:\/\/ejanc.org\/#organization"},"potentialAction":[{"@type":"SearchAction","target":{"@type":"EntryPoint","urlTemplate":"https:\/\/ejanc.org\/?s={search_term_string}"},"query-input":{"@type":"PropertyValueSpecification","valueRequired":true,"valueName":"search_term_string"}}],"inLanguage":"es"},{"@type":"Organization","@id":"https:\/\/ejanc.org\/#organization","name":"Alianza por la Justicia en la Educaci\u00f3n","url":"https:\/\/ejanc.org\/","logo":{"@type":"ImageObject","inLanguage":"es","@id":"https:\/\/ejanc.org\/#\/schema\/logo\/image\/","url":"https:\/\/ejanc.org\/wp-content\/uploads\/2023\/10\/logo.png","contentUrl":"https:\/\/ejanc.org\/wp-content\/uploads\/2023\/10\/logo.png","width":129,"height":132,"caption":"Alianza por la Justicia en la Educaci\u00f3n"},"image":{"@id":"https:\/\/ejanc.org\/#\/schema\/logo\/image\/"},"sameAs":["https:\/\/www.facebook.com\/EJARALEIGHNC\/","https:\/\/www.instagram.com\/ejaraleighnc\/","https:\/\/www.linkedin.com\/company\/ejaraleighnc\/about\/","https:\/\/www.youtube.com\/@educationjusticealliance8063"]}]}},"_links":{"self":[{"href":"https:\/\/ejanc.org\/es\/wp-json\/wp\/v2\/tribe_events\/6418","targetHints":{"allow":["GET"]}}],"collection":[{"href":"https:\/\/ejanc.org\/es\/wp-json\/wp\/v2\/tribe_events"}],"about":[{"href":"https:\/\/ejanc.org\/es\/wp-json\/wp\/v2\/types\/tribe_events"}],"author":[{"embeddable":true,"href":"https:\/\/ejanc.org\/es\/wp-json\/wp\/v2\/users\/4"}],"version-history":[{"count":0,"href":"https:\/\/ejanc.org\/es\/wp-json\/wp\/v2\/tribe_events\/6418\/revisions"}],"wp:attachment":[{"href":"https:\/\/ejanc.org\/es\/wp-json\/wp\/v2\/media?parent=6418"}],"wp:term":[{"taxonomy":"post_tag","embeddable":true,"href":"https:\/\/ejanc.org\/es\/wp-json\/wp\/v2\/tags?post=6418"},{"taxonomy":"tribe_events_cat","embeddable":true,"href":"https:\/\/ejanc.org\/es\/wp-json\/wp\/v2\/tribe_events_cat?post=6418"}],"curies":[{"name":"wp","href":"https:\/\/api.w.org\/{rel}","templated":true}]}}

Reunión de apoyo a los padres

<p><span class="gmail-OYPEnA gmail-font-feature-liga-off gmail-font-feature-clig-off gmail-font-feature-calt-off gmail-text-decoration-none gmail-text-strikethrough-none">Además de ser una oportunidad para conocer a nuevos padres y entablar relaciones, nuestras</span><span class="gmail-OYPEnA gmail-font-feature-liga-off gmail-font-feature-clig-off gmail-font-feature-calt-off gmail-text-decoration-none gmail-text-strikethrough-none gmail-white-space-prewrap"> </span><span class="gmail-OYPEnA gmail-font-feature-liga-off gmail-font-feature-clig-off gmail-font-feature-calt-off gmail-text-decoration-none gmail-text-strikethrough-none">reuniones mensuales son también una forma constructiva de que los padres debatan cuestiones y posibles soluciones a los problemas a los que se enfrentan sus hijos en nuestro sistema educativo público.</span></p>

<p>Además de ser una oportunidad para conocer a nuevos padres y entablar relaciones, nuestras reuniones mensuales son también una forma constructiva de que los padres debatan cuestiones y posibles soluciones [&hellip;]</p>

<!-- This site is optimized with the Yoast SEO plugin v27.0 - https://yoast.com/product/yoast-seo-wordpress/ -->
<title>Reunión de apoyo a los padres | Alianza por la Justicia en la Educación</title>
<meta name="description" content="Además de ser una oportunidad para conocer a nuevos padres y entablar relaciones, nuestras reuniones mensuales son también una forma constructiva de que los padres debatan cuestiones y posibles soluciones a los problemas a los que se enfrentan sus hijos en nuestro sistema educativo público." />
<meta name="robots" content="index, follow, max-snippet:-1, max-image-preview:large, max-video-preview:-1" />
<link rel="canonical" href="https://ejanc.org/es/event/reunion-de-apoyo-a-los-padres-5/" />
<meta property="og:locale" content="es_ES" />
<meta property="og:type" content="article" />
<meta property="og:title" content="Reunión de apoyo a los padres | Alianza por la Justicia en la Educación" />
<meta property="og:description" content="Además de ser una oportunidad para conocer a nuevos padres y entablar relaciones, nuestras reuniones mensuales son también una forma constructiva de que los padres debatan cuestiones y posibles soluciones a los problemas a los que se enfrentan sus hijos en nuestro sistema educativo público." />
<meta property="og:url" content="https://ejanc.org/es/event/reunion-de-apoyo-a-los-padres-5/" />
<meta property="og:site_name" content="Alianza por la Justicia en la Educación" />
<meta property="article:publisher" content="https://www.facebook.com/EJARALEIGHNC/" />
<meta name="twitter:card" content="summary_large_image" />
<script type="application/ld+json" class="yoast-schema-graph">{"@context":"https://schema.org","@graph":[{"@type":"WebPage","@id":"https://ejanc.org/es/event/reunion-de-apoyo-a-los-padres-5/","url":"https://ejanc.org/es/event/reunion-de-apoyo-a-los-padres-5/","name":"Reunión de apoyo a los padres | Alianza por la Justicia en la Educación","isPartOf":{"@id":"https://ejanc.org/#website"},"datePublished":"2025-03-29T02:07:35+00:00","description":"Además de ser una oportunidad para conocer a nuevos padres y entablar relaciones, nuestras reuniones mensuales son también una forma constructiva de que los padres debatan cuestiones y posibles soluciones a los problemas a los que se enfrentan sus hijos en nuestro sistema educativo público.","breadcrumb":{"@id":"https://ejanc.org/es/event/reunion-de-apoyo-a-los-padres-5/#breadcrumb"},"inLanguage":"es","potentialAction":[{"@type":"ReadAction","target":["https://ejanc.org/es/event/reunion-de-apoyo-a-los-padres-5/"]}]},{"@type":"BreadcrumbList","@id":"https://ejanc.org/es/event/reunion-de-apoyo-a-los-padres-5/#breadcrumb","itemListElement":[{"@type":"ListItem","position":1,"name":"Home","item":"https://ejanc.org/es/inicio/"},{"@type":"ListItem","position":2,"name":"Events","item":"https://ejanc.org/events/"},{"@type":"ListItem","position":3,"name":"Reunión de apoyo a los padres"}]},{"@type":"WebSite","@id":"https://ejanc.org/#website","url":"https://ejanc.org/","name":"Alianza por la Justicia en la Educación","description":"","publisher":{"@id":"https://ejanc.org/#organization"},"potentialAction":[{"@type":"SearchAction","target":{"@type":"EntryPoint","urlTemplate":"https://ejanc.org/?s={search_term_string}"},"query-input":{"@type":"PropertyValueSpecification","valueRequired":true,"valueName":"search_term_string"}}],"inLanguage":"es"},{"@type":"Organization","@id":"https://ejanc.org/#organization","name":"Alianza por la Justicia en la Educación","url":"https://ejanc.org/","logo":{"@type":"ImageObject","inLanguage":"es","@id":"https://ejanc.org/#/schema/logo/image/","url":"https://ejanc.org/wp-content/uploads/2023/10/logo.png","contentUrl":"https://ejanc.org/wp-content/uploads/2023/10/logo.png","width":129,"height":132,"caption":"Alianza por la Justicia en la Educación"},"image":{"@id":"https://ejanc.org/#/schema/logo/image/"},"sameAs":["https://www.facebook.com/EJARALEIGHNC/","https://www.instagram.com/ejaraleighnc/","https://www.linkedin.com/company/ejaraleighnc/about/","https://www.youtube.com/@educationjusticealliance8063"]}]}</script>
<!-- / Yoast SEO plugin. -->

Reunión de apoyo a los padres | Alianza por la Justicia en la Educación

Además de ser una oportunidad para conocer a nuevos padres y entablar relaciones, nuestras reuniones mensuales son también una forma constructiva de que los padres debatan cuestiones y posibles soluciones a los problemas a los que se enfrentan sus hijos en nuestro sistema educativo público.

Alianza por la Justicia en la Educación
