{"id":6439,"date":"2025-03-28T22:29:15","date_gmt":"2025-03-29T02:29:15","guid":{"rendered":"https:\/\/ejanc.org\/event\/consejo-de-accion-juvenil-2\/"},"modified":"2025-03-28T22:29:15","modified_gmt":"2025-03-29T02:29:15","slug":"consejo-de-accion-juvenil-2","status":"publish","type":"tribe_events","link":"https:\/\/ejanc.org\/es\/event\/consejo-de-accion-juvenil-2\/","title":{"rendered":"Consejo de Acci\u00f3n Juvenil"},"content":{"rendered":"<p><span class=\"OYPEnA font-feature-liga-off font-feature-clig-off font-feature-calt-off text-decoration-none text-strikethrough-none\">Un grupo dirigido por estudiantes para que los alumnos de 8\u00ba a 12\u00ba de las Escuelas P\u00fablicas del Condado de Wake desarrollen habilidades de liderazgo, organicen campa\u00f1as y desaf\u00eden las pol\u00edticas escolares injustas. Juntos, abogaremos por cambios positivos para que las escuelas sean m\u00e1s justas, solidarias y equitativas para todos los alumnos.<\/span><\/p>\n","protected":false},"excerpt":{"rendered":"<p>Un grupo dirigido por estudiantes para que los alumnos de 8\u00ba a 12\u00ba de las Escuelas P\u00fablicas del Condado de Wake desarrollen habilidades de liderazgo, organicen campa\u00f1as y desaf\u00eden las [&hellip;]<\/p>\n","protected":false},"author":4,"featured_media":0,"template":"","meta":{"_acf_changed":false,"give_campaign_id":0,"inline_featured_image":false,"_tribe_events_status":"","_tribe_events_status_reason":"","footnotes":""},"tags":[94,60,98,93],"tribe_events_cat":[99,71],"class_list":["post-6439","tribe_events","type-tribe_events","status-publish","hentry","tag-ayuda","tag-eventos","tag-juventud","tag-reunion","tribe_events_cat-juventud","tribe_events_cat-reunion-mensual","cat_juventud","cat_reunion-mensual"],"acf":[],"yoast_head":"<!-- This site is optimized with the Yoast SEO plugin v27.0 - https:\/\/yoast.com\/product\/yoast-seo-wordpress\/ -->\n<title>Consejo de Acci\u00f3n Juvenil | Alianza por la Justicia en la Educaci\u00f3n<\/title>\n<meta name=\"description\" content=\"Un grupo dirigido por estudiantes para que los alumnos de 8\u00ba a 12\u00ba de las Escuelas P\u00fablicas del Condado de Wake desarrollen habilidades de liderazgo, organicen campa\u00f1as y desaf\u00eden las pol\u00edticas escolares injustas. Juntos, abogaremos por cambios positivos para que las escuelas sean m\u00e1s justas, solidarias y equitativas para todos los alumnos.\" \/>\n<meta name=\"robots\" content=\"index, follow, max-snippet:-1, max-image-preview:large, max-video-preview:-1\" \/>\n<link rel=\"canonical\" href=\"https:\/\/ejanc.org\/es\/event\/consejo-de-accion-juvenil-2\/\" \/>\n<meta property=\"og:locale\" content=\"es_ES\" \/>\n<meta property=\"og:type\" content=\"article\" \/>\n<meta property=\"og:title\" content=\"Consejo de Acci\u00f3n Juvenil | Alianza por la Justicia en la Educaci\u00f3n\" \/>\n<meta property=\"og:description\" content=\"Un grupo dirigido por estudiantes para que los alumnos de 8\u00ba a 12\u00ba de las Escuelas P\u00fablicas del Condado de Wake desarrollen habilidades de liderazgo, organicen campa\u00f1as y desaf\u00eden las pol\u00edticas escolares injustas. Juntos, abogaremos por cambios positivos para que las escuelas sean m\u00e1s justas, solidarias y equitativas para todos los alumnos.\" \/>\n<meta property=\"og:url\" content=\"https:\/\/ejanc.org\/es\/event\/consejo-de-accion-juvenil-2\/\" \/>\n<meta property=\"og:site_name\" content=\"Alianza por la Justicia en la Educaci\u00f3n\" \/>\n<meta property=\"article:publisher\" content=\"https:\/\/www.facebook.com\/EJARALEIGHNC\/\" \/>\n<meta name=\"twitter:card\" content=\"summary_large_image\" \/>\n<script type=\"application\/ld+json\" class=\"yoast-schema-graph\">{\"@context\":\"https:\/\/schema.org\",\"@graph\":[{\"@type\":\"WebPage\",\"@id\":\"https:\/\/ejanc.org\/es\/event\/consejo-de-accion-juvenil-2\/\",\"url\":\"https:\/\/ejanc.org\/es\/event\/consejo-de-accion-juvenil-2\/\",\"name\":\"Consejo de Acci\u00f3n Juvenil | Alianza por la Justicia en la Educaci\u00f3n\",\"isPartOf\":{\"@id\":\"https:\/\/ejanc.org\/#website\"},\"datePublished\":\"2025-03-29T02:29:15+00:00\",\"description\":\"Un grupo dirigido por estudiantes para que los alumnos de 8\u00ba a 12\u00ba de las Escuelas P\u00fablicas del Condado de Wake desarrollen habilidades de liderazgo, organicen campa\u00f1as y desaf\u00eden las pol\u00edticas escolares injustas. Juntos, abogaremos por cambios positivos para que las escuelas sean m\u00e1s justas, solidarias y equitativas para todos los alumnos.\",\"breadcrumb\":{\"@id\":\"https:\/\/ejanc.org\/es\/event\/consejo-de-accion-juvenil-2\/#breadcrumb\"},\"inLanguage\":\"es\",\"potentialAction\":[{\"@type\":\"ReadAction\",\"target\":[\"https:\/\/ejanc.org\/es\/event\/consejo-de-accion-juvenil-2\/\"]}]},{\"@type\":\"BreadcrumbList\",\"@id\":\"https:\/\/ejanc.org\/es\/event\/consejo-de-accion-juvenil-2\/#breadcrumb\",\"itemListElement\":[{\"@type\":\"ListItem\",\"position\":1,\"name\":\"Home\",\"item\":\"https:\/\/ejanc.org\/es\/inicio\/\"},{\"@type\":\"ListItem\",\"position\":2,\"name\":\"Events\",\"item\":\"https:\/\/ejanc.org\/events\/\"},{\"@type\":\"ListItem\",\"position\":3,\"name\":\"Consejo de Acci\u00f3n Juvenil\"}]},{\"@type\":\"WebSite\",\"@id\":\"https:\/\/ejanc.org\/#website\",\"url\":\"https:\/\/ejanc.org\/\",\"name\":\"Alianza por la Justicia en la Educaci\u00f3n\",\"description\":\"\",\"publisher\":{\"@id\":\"https:\/\/ejanc.org\/#organization\"},\"potentialAction\":[{\"@type\":\"SearchAction\",\"target\":{\"@type\":\"EntryPoint\",\"urlTemplate\":\"https:\/\/ejanc.org\/?s={search_term_string}\"},\"query-input\":{\"@type\":\"PropertyValueSpecification\",\"valueRequired\":true,\"valueName\":\"search_term_string\"}}],\"inLanguage\":\"es\"},{\"@type\":\"Organization\",\"@id\":\"https:\/\/ejanc.org\/#organization\",\"name\":\"Alianza por la Justicia en la Educaci\u00f3n\",\"url\":\"https:\/\/ejanc.org\/\",\"logo\":{\"@type\":\"ImageObject\",\"inLanguage\":\"es\",\"@id\":\"https:\/\/ejanc.org\/#\/schema\/logo\/image\/\",\"url\":\"https:\/\/ejanc.org\/wp-content\/uploads\/2023\/10\/logo.png\",\"contentUrl\":\"https:\/\/ejanc.org\/wp-content\/uploads\/2023\/10\/logo.png\",\"width\":129,\"height\":132,\"caption\":\"Alianza por la Justicia en la Educaci\u00f3n\"},\"image\":{\"@id\":\"https:\/\/ejanc.org\/#\/schema\/logo\/image\/\"},\"sameAs\":[\"https:\/\/www.facebook.com\/EJARALEIGHNC\/\",\"https:\/\/www.instagram.com\/ejaraleighnc\/\",\"https:\/\/www.linkedin.com\/company\/ejaraleighnc\/about\/\",\"https:\/\/www.youtube.com\/@educationjusticealliance8063\"]}]}<\/script>\n<!-- \/ Yoast SEO plugin. -->","yoast_head_json":{"title":"Consejo de Acci\u00f3n Juvenil | Alianza por la Justicia en la Educaci\u00f3n","description":"Un grupo dirigido por estudiantes para que los alumnos de 8\u00ba a 12\u00ba de las Escuelas P\u00fablicas del Condado de Wake desarrollen habilidades de liderazgo, organicen campa\u00f1as y desaf\u00eden las pol\u00edticas escolares injustas. Juntos, abogaremos por cambios positivos para que las escuelas sean m\u00e1s justas, solidarias y equitativas para todos los alumnos.","robots":{"index":"index","follow":"follow","max-snippet":"max-snippet:-1","max-image-preview":"max-image-preview:large","max-video-preview":"max-video-preview:-1"},"canonical":"https:\/\/ejanc.org\/es\/event\/consejo-de-accion-juvenil-2\/","og_locale":"es_ES","og_type":"article","og_title":"Consejo de Acci\u00f3n Juvenil | Alianza por la Justicia en la Educaci\u00f3n","og_description":"Un grupo dirigido por estudiantes para que los alumnos de 8\u00ba a 12\u00ba de las Escuelas P\u00fablicas del Condado de Wake desarrollen habilidades de liderazgo, organicen campa\u00f1as y desaf\u00eden las pol\u00edticas escolares injustas. Juntos, abogaremos por cambios positivos para que las escuelas sean m\u00e1s justas, solidarias y equitativas para todos los alumnos.","og_url":"https:\/\/ejanc.org\/es\/event\/consejo-de-accion-juvenil-2\/","og_site_name":"Alianza por la Justicia en la Educaci\u00f3n","article_publisher":"https:\/\/www.facebook.com\/EJARALEIGHNC\/","twitter_card":"summary_large_image","schema":{"@context":"https:\/\/schema.org","@graph":[{"@type":"WebPage","@id":"https:\/\/ejanc.org\/es\/event\/consejo-de-accion-juvenil-2\/","url":"https:\/\/ejanc.org\/es\/event\/consejo-de-accion-juvenil-2\/","name":"Consejo de Acci\u00f3n Juvenil | Alianza por la Justicia en la Educaci\u00f3n","isPartOf":{"@id":"https:\/\/ejanc.org\/#website"},"datePublished":"2025-03-29T02:29:15+00:00","description":"Un grupo dirigido por estudiantes para que los alumnos de 8\u00ba a 12\u00ba de las Escuelas P\u00fablicas del Condado de Wake desarrollen habilidades de liderazgo, organicen campa\u00f1as y desaf\u00eden las pol\u00edticas escolares injustas. Juntos, abogaremos por cambios positivos para que las escuelas sean m\u00e1s justas, solidarias y equitativas para todos los alumnos.","breadcrumb":{"@id":"https:\/\/ejanc.org\/es\/event\/consejo-de-accion-juvenil-2\/#breadcrumb"},"inLanguage":"es","potentialAction":[{"@type":"ReadAction","target":["https:\/\/ejanc.org\/es\/event\/consejo-de-accion-juvenil-2\/"]}]},{"@type":"BreadcrumbList","@id":"https:\/\/ejanc.org\/es\/event\/consejo-de-accion-juvenil-2\/#breadcrumb","itemListElement":[{"@type":"ListItem","position":1,"name":"Home","item":"https:\/\/ejanc.org\/es\/inicio\/"},{"@type":"ListItem","position":2,"name":"Events","item":"https:\/\/ejanc.org\/events\/"},{"@type":"ListItem","position":3,"name":"Consejo de Acci\u00f3n Juvenil"}]},{"@type":"WebSite","@id":"https:\/\/ejanc.org\/#website","url":"https:\/\/ejanc.org\/","name":"Alianza por la Justicia en la Educaci\u00f3n","description":"","publisher":{"@id":"https:\/\/ejanc.org\/#organization"},"potentialAction":[{"@type":"SearchAction","target":{"@type":"EntryPoint","urlTemplate":"https:\/\/ejanc.org\/?s={search_term_string}"},"query-input":{"@type":"PropertyValueSpecification","valueRequired":true,"valueName":"search_term_string"}}],"inLanguage":"es"},{"@type":"Organization","@id":"https:\/\/ejanc.org\/#organization","name":"Alianza por la Justicia en la Educaci\u00f3n","url":"https:\/\/ejanc.org\/","logo":{"@type":"ImageObject","inLanguage":"es","@id":"https:\/\/ejanc.org\/#\/schema\/logo\/image\/","url":"https:\/\/ejanc.org\/wp-content\/uploads\/2023\/10\/logo.png","contentUrl":"https:\/\/ejanc.org\/wp-content\/uploads\/2023\/10\/logo.png","width":129,"height":132,"caption":"Alianza por la Justicia en la Educaci\u00f3n"},"image":{"@id":"https:\/\/ejanc.org\/#\/schema\/logo\/image\/"},"sameAs":["https:\/\/www.facebook.com\/EJARALEIGHNC\/","https:\/\/www.instagram.com\/ejaraleighnc\/","https:\/\/www.linkedin.com\/company\/ejaraleighnc\/about\/","https:\/\/www.youtube.com\/@educationjusticealliance8063"]}]}},"_links":{"self":[{"href":"https:\/\/ejanc.org\/es\/wp-json\/wp\/v2\/tribe_events\/6439","targetHints":{"allow":["GET"]}}],"collection":[{"href":"https:\/\/ejanc.org\/es\/wp-json\/wp\/v2\/tribe_events"}],"about":[{"href":"https:\/\/ejanc.org\/es\/wp-json\/wp\/v2\/types\/tribe_events"}],"author":[{"embeddable":true,"href":"https:\/\/ejanc.org\/es\/wp-json\/wp\/v2\/users\/4"}],"version-history":[{"count":0,"href":"https:\/\/ejanc.org\/es\/wp-json\/wp\/v2\/tribe_events\/6439\/revisions"}],"wp:attachment":[{"href":"https:\/\/ejanc.org\/es\/wp-json\/wp\/v2\/media?parent=6439"}],"wp:term":[{"taxonomy":"post_tag","embeddable":true,"href":"https:\/\/ejanc.org\/es\/wp-json\/wp\/v2\/tags?post=6439"},{"taxonomy":"tribe_events_cat","embeddable":true,"href":"https:\/\/ejanc.org\/es\/wp-json\/wp\/v2\/tribe_events_cat?post=6439"}],"curies":[{"name":"wp","href":"https:\/\/api.w.org\/{rel}","templated":true}]}}

Consejo de Acción Juvenil

<p><span class="OYPEnA font-feature-liga-off font-feature-clig-off font-feature-calt-off text-decoration-none text-strikethrough-none">Un grupo dirigido por estudiantes para que los alumnos de 8º a 12º de las Escuelas Públicas del Condado de Wake desarrollen habilidades de liderazgo, organicen campañas y desafíen las políticas escolares injustas. Juntos, abogaremos por cambios positivos para que las escuelas sean más justas, solidarias y equitativas para todos los alumnos.</span></p>

<p>Un grupo dirigido por estudiantes para que los alumnos de 8º a 12º de las Escuelas Públicas del Condado de Wake desarrollen habilidades de liderazgo, organicen campañas y desafíen las [&hellip;]</p>

<!-- This site is optimized with the Yoast SEO plugin v27.0 - https://yoast.com/product/yoast-seo-wordpress/ -->
<title>Consejo de Acción Juvenil | Alianza por la Justicia en la Educación</title>
<meta name="description" content="Un grupo dirigido por estudiantes para que los alumnos de 8º a 12º de las Escuelas Públicas del Condado de Wake desarrollen habilidades de liderazgo, organicen campañas y desafíen las políticas escolares injustas. Juntos, abogaremos por cambios positivos para que las escuelas sean más justas, solidarias y equitativas para todos los alumnos." />
<meta name="robots" content="index, follow, max-snippet:-1, max-image-preview:large, max-video-preview:-1" />
<link rel="canonical" href="https://ejanc.org/es/event/consejo-de-accion-juvenil-2/" />
<meta property="og:locale" content="es_ES" />
<meta property="og:type" content="article" />
<meta property="og:title" content="Consejo de Acción Juvenil | Alianza por la Justicia en la Educación" />
<meta property="og:description" content="Un grupo dirigido por estudiantes para que los alumnos de 8º a 12º de las Escuelas Públicas del Condado de Wake desarrollen habilidades de liderazgo, organicen campañas y desafíen las políticas escolares injustas. Juntos, abogaremos por cambios positivos para que las escuelas sean más justas, solidarias y equitativas para todos los alumnos." />
<meta property="og:url" content="https://ejanc.org/es/event/consejo-de-accion-juvenil-2/" />
<meta property="og:site_name" content="Alianza por la Justicia en la Educación" />
<meta property="article:publisher" content="https://www.facebook.com/EJARALEIGHNC/" />
<meta name="twitter:card" content="summary_large_image" />
<script type="application/ld+json" class="yoast-schema-graph">{"@context":"https://schema.org","@graph":[{"@type":"WebPage","@id":"https://ejanc.org/es/event/consejo-de-accion-juvenil-2/","url":"https://ejanc.org/es/event/consejo-de-accion-juvenil-2/","name":"Consejo de Acción Juvenil | Alianza por la Justicia en la Educación","isPartOf":{"@id":"https://ejanc.org/#website"},"datePublished":"2025-03-29T02:29:15+00:00","description":"Un grupo dirigido por estudiantes para que los alumnos de 8º a 12º de las Escuelas Públicas del Condado de Wake desarrollen habilidades de liderazgo, organicen campañas y desafíen las políticas escolares injustas. Juntos, abogaremos por cambios positivos para que las escuelas sean más justas, solidarias y equitativas para todos los alumnos.","breadcrumb":{"@id":"https://ejanc.org/es/event/consejo-de-accion-juvenil-2/#breadcrumb"},"inLanguage":"es","potentialAction":[{"@type":"ReadAction","target":["https://ejanc.org/es/event/consejo-de-accion-juvenil-2/"]}]},{"@type":"BreadcrumbList","@id":"https://ejanc.org/es/event/consejo-de-accion-juvenil-2/#breadcrumb","itemListElement":[{"@type":"ListItem","position":1,"name":"Home","item":"https://ejanc.org/es/inicio/"},{"@type":"ListItem","position":2,"name":"Events","item":"https://ejanc.org/events/"},{"@type":"ListItem","position":3,"name":"Consejo de Acción Juvenil"}]},{"@type":"WebSite","@id":"https://ejanc.org/#website","url":"https://ejanc.org/","name":"Alianza por la Justicia en la Educación","description":"","publisher":{"@id":"https://ejanc.org/#organization"},"potentialAction":[{"@type":"SearchAction","target":{"@type":"EntryPoint","urlTemplate":"https://ejanc.org/?s={search_term_string}"},"query-input":{"@type":"PropertyValueSpecification","valueRequired":true,"valueName":"search_term_string"}}],"inLanguage":"es"},{"@type":"Organization","@id":"https://ejanc.org/#organization","name":"Alianza por la Justicia en la Educación","url":"https://ejanc.org/","logo":{"@type":"ImageObject","inLanguage":"es","@id":"https://ejanc.org/#/schema/logo/image/","url":"https://ejanc.org/wp-content/uploads/2023/10/logo.png","contentUrl":"https://ejanc.org/wp-content/uploads/2023/10/logo.png","width":129,"height":132,"caption":"Alianza por la Justicia en la Educación"},"image":{"@id":"https://ejanc.org/#/schema/logo/image/"},"sameAs":["https://www.facebook.com/EJARALEIGHNC/","https://www.instagram.com/ejaraleighnc/","https://www.linkedin.com/company/ejaraleighnc/about/","https://www.youtube.com/@educationjusticealliance8063"]}]}</script>
<!-- / Yoast SEO plugin. -->

Consejo de Acción Juvenil | Alianza por la Justicia en la Educación

Un grupo dirigido por estudiantes para que los alumnos de 8º a 12º de las Escuelas Públicas del Condado de Wake desarrollen habilidades de liderazgo, organicen campañas y desafíen las políticas escolares injustas. Juntos, abogaremos por cambios positivos para que las escuelas sean más justas, solidarias y equitativas para todos los alumnos.

Alianza por la Justicia en la Educación
